the greatest common factor of 56 and 119896?
56
Calculate the greatest common divisor of 467744 and 846.
94
Calculate the greatest common divisor of 376 and 31208.
376
What is the greatest common factor of 291611 and 331?
331
Calculate the highest common factor of 634 and 202.
2
What is the greatest common factor of 2784 and 54114?
174
Calculate the highest common divisor of 156 and 504084.
12
Calculate the greatest common divisor of 6873 and 12.
3
What is the highest common factor of 170 and 94?
2
Calculate the highest common divisor of 112753 and 893.
47
What is the greatest common factor of 96 and 21302?
2
What is the highest common factor of 315429 and 6?
3
What is the greatest common divisor of 9240 and 23430?
330
Calculate the highest common factor of 264 and 3729.
33
What is the highest common divisor of 7615 and 105?
5
What is the highest common divisor of 876961 and 4869?
541
Calculate the highest common factor of 464 and 923389.
29
What is the greatest common factor of 200 and 696?
8
What is the highest common divisor of 2478 and 108822?
42
What is the greatest common factor of 542328 and 1416?
1416
Calculate the highest common divisor of 36904 and 175.
7
What is the highest common divisor of 78 and 390598?
26
Calculate the highest common divisor of 1485 and 139455.
135
Calculate the greatest common factor of 6154 and 510.
34
What is the highest common divisor of 132 and 58014?
66
Calculate the greatest common factor of 229 and 91829.
229
What is the highest common divisor of 1068 and 1513?
89
What is the greatest common divisor of 2561 and 4531?
197
What is the highest common divisor of 988 and 11804?
52
What is the greatest common factor of 137258 and 44?
22
Calculate the highest common factor of 46 and 314.
2
What is the greatest common factor of 396 and 29772?
36
What is the greatest common factor of 1372 and 91?
7
What is the highest common factor of 30016 and 329?
7
Calculate the greatest common factor of 140 and 464996.
28
What is the highest common factor of 165 and 1770285?
165
What is the highest common factor of 88 and 1249534?
22
Calculate the greatest common divisor of 1390 and 14039.
139
What is the highest common divisor of 1093089 and 76?
19
What is the greatest common factor of 4779280 and 880?
880
Calculate the highest common divisor of 1855 and 588565.
265
Calculate the greatest common factor of 27279 and 420.
21
Calculate the greatest common factor of 14620 and 935.
85
Calculate the highest common factor of 2187536 and 16.
16
What is the highest common factor of 54556 and 2438?
46
What is the greatest common factor of 348 and 83404?
116
What is the greatest common factor of 2 and 1126822?
2
What is the highest common factor of 179 and 386103?
179
What is the greatest common factor of 84 and 45324?
12
What is the highest common divisor of 139 and 241999?
139
What is the highest common factor of 97840 and 1040?
80
Calculate the highest common divisor of 240 and 321705.
15
What is the greatest common factor of 552622 and 154?
14
What is the highest common divisor of 38 and 45334?
38
Calculate the highest common factor of 917 and 30523.
131
Calculate the greatest common divisor of 6256 and 199376.
272
What is the greatest common factor of 550 and 1914550?
550
Calculate the greatest common factor of 681680 and 40.
40
Calculate the greatest common divisor of 28469 and 10633.
343
What is the highest common divisor of 7863283 and 163?
163
What is the greatest common factor of 2459148 and 2424?
1212
What is the highest common factor of 28 and 16916?
4
What is the highest common divisor of 29469 and 8569?
209
What is the greatest common factor of 58220 and 208280?
820
What is the greatest common factor of 52205 and 1060?
265
What is the greatest common factor of 223281 and 9?
9
Calculate the highest common factor of 113410 and 4.
2
What is the greatest common divisor of 13348 and 611?
47
Calculate the greatest common factor of 225 and 196425.
225
Calculate the greatest common factor of 2808 and 771336.
216
Calculate the greatest common divisor of 88704 and 12992.
448
Calculate the greatest common divisor of 114 and 9474.
6
What is the highest common divisor of 1493235 and 810?
405
What is the highest common factor of 130984 and 14?
14
Calculate the highest common factor of 26316 and 108.
36
Calculate the highest common factor of 91581 and 445.
89
What is the highest common factor of 27 and 981?
9
Calculate the highest common factor of 176397 and 429.
39
What is the highest common divisor of 135 and 48885?
15
What is the greatest common factor of 159390 and 16830?
990
Calculate the highest common factor of 364 and 177268.
364
What is the highest common factor of 2207155 and 730?
365
Calculate the highest common divisor of 474 and 1659.
237
What is the highest common factor of 5 and 81365?
5
What is the highest common factor of 916 and 26?
2
Calculate the highest common divisor of 670565 and 3220.
805
Calculate the highest common factor of 450 and 2880.
90
What is the greatest common divisor of 8909 and 59?
59
What is the highest common factor of 22625 and 5792?
181
What is the highest common divisor of 11308 and 209?
11
What is the highest common factor of 612 and 17646?
102
What is the highest common factor of 2037 and 24735?
291
What is the greatest common factor of 2061824 and 2048?
512
Calculate the greatest common divisor of 114267 and 164.
41
What is the greatest common divisor of 1259500 and 458?
458
Calculate the highest common factor of 108 and 5916.
12
Calculate the greatest common factor of 12 and 26106.
6
What is the highest common factor of 340 and 14520?
20
What is the highest common divisor of 1232 and 9296?
112
Calculate the highest common factor of 1288 and 2674.
14
What is the highest common factor of 448 and 33544?
56
Calculate the highest common factor of 54 and 3735936.
54
Calculate the highest common divisor of 2766138 and 577.
577
What is the highest common factor of 16 and 145144?
8
Calculate the greatest common factor of 64 and 87536.
16
Calculate the highest common divisor of 329707 and 30229.
703
Calculate the greatest common factor of 147 and 121814.
49
What is the greatest common factor of 640104 and 5012?
716
What is the greatest common factor of 1653 and 6090?
87
Calculate the highest common factor of 820784 and 32.
16
What is the greatest common divisor of 5886400 and 650?
650
What is the greatest common factor of 800 and 56?
8
Calculate the greatest common divisor of 14 and 611674.
14
What is the highest common divisor of 1320 and 249975?
165
What is the greatest common factor of 7347 and 1?
1
What is the greatest common factor of 5535 and 8?
1
Calculate the greatest common factor of 49355 and 745.
5
What is the greatest common factor of 25 and 1431175?
25
Calculate the greatest common divisor of 12 and 2178444.
12
What is the highest common factor of 4949 and 169781?
101
What is the greatest common divisor of 63 and 13311?
9
What is the greatest common divisor of 2511 and 1147?
31
Calculate the highest common factor of 200 and 1312.
8
What is the greatest common factor of 9900 and 7260?
660
Calculate the highest common divisor of 144305 and 1767.
589
What is the highest common divisor of 6183 and 324?
27
Calculate the greatest common factor of 944 and 20119.
59
What is the greatest common divisor of 719614 and 14?
14
Calculate the greatest common factor of 138 and 7572.
6
Calculate the greatest common factor of 1740 and 82320.
60
What is the greatest common divisor of 195 and 5955?
15
What is the greatest common factor of 198394 and 16058?
518
Calculate the greatest common divisor of 2596 and 353764.
236
What is the greatest common divisor of 3977 and 738?
41
What is the highest common factor of 1055 and 161?
1
What is the greatest common divisor of 99620 and 340?
340
Calculate the greatest common factor of 16 and 4832808.
8
What is the highest common divisor of 168796 and 228?
76
Calculate the highest common divisor of 2 and 6311.
1
What is the highest common divisor of 325 and 19075?
25
Calculate the highest common factor of 584 and 1927711.
73
What is the greatest common divisor of 48854 and 572?
26
What is the greatest common factor of 24423 and 7959?
21
Calculate the greatest commo